s the highest common divisor of s and l?
12
Let m be 48*(42/(-12) - -4). Calculate the greatest common factor of 108 and m.
12
Let m(f) = -f**3 - 9*f**2 + 2. Let h be m(-9). Suppose h + 6 = g. What is the highest common divisor of g and 1?
1
Let v be (-6)/(-2)*(0 + 1). Suppose -52 = -2*l - 3*k, v*k - 7*k + 36 = l. Let t = 34 + -24. Calculate the greatest common divisor of l and t.
10
Suppose 3 + 5 = 4*g. Let p = 8 - 0. Suppose t = p - g. Calculate the greatest common divisor of 3 and t.
3
Let g(m) = -7*m - 80. Let l be g(-17). Calculate the highest common divisor of 26 and l.
13
Let p(n) be the first derivative of n**4/4 + n**2/2 + 9*n - 1. Let r be p(0). Let t(y) = 5*y - 7. Let h be t(5). What is the highest common factor of r and h?
9
Suppose -5*j = -4*j - 8. Let o = -31 - -55. Calculate the greatest common factor of j and o.
8
Let b = -12 + 28. What is the greatest common divisor of 32 and b?
16
Suppose -6*h - n + 48 = -4*h, h - 24 = -2*n. Calculate the greatest common divisor of h and 168.
24
Let s(k) = -9*k + 5. Let y be s(-1). Calculate the greatest common factor of y and 7.
7
Let w be (6/(-6))/(1 - 0). Let l be 10 - -1 - (w - -1). Calculate the highest common divisor of l and 33.
11
Suppose 5*n + 5 + 10 = 0, 2*s - n = 13. Suppose 4 + 41 = s*a + h, 2*h = -2*a + 26. Calculate the highest common factor of a and 72.
8
Let t = 72 + -34. Calculate the highest common divisor of t and 19.
19
Suppose -4*g - 3*k + 41 = -2*g, 0 = -g + 4*k - 7. What is the greatest common factor of 52 and g?
13
Suppose -37 = -5*q + 3*z, -4*z = 2*q - q - 12. Calculate the greatest common factor of q and 2.
2
Let i = 13 + -17. Let z(q) = -2*q - 5. Let f be z(i). What is the highest common factor of 27 and f?
3
Let g(i) = i - 5. Let b be g(5). Suppose -2*t + b = 6. Let h(n) = -n + 1. Let d be h(t). Calculate the greatest common factor of d and 44.
4
Suppose -3*g = -g - 16. Let s be ((-36)/15 - -2)*-10. Suppose -249 = -s*y + 7. Calculate the greatest common divisor of y and g.
8
Let h be (0 - 3/(-3))*-165. Let b = 365 + h. Suppose -b = -8*f + 3*f. What is the highest common divisor of 8 and f?
8
Let v(q) = 2*q - 6. Let c be v(4). Let x(y) = -4*y + 44*y**c + 5*y - 2*y. Let l be x(-1). What is the greatest common factor of l and 9?
9
Let j be (348/8)/((-6)/8). Let b = -10 - j. Let o = -25 - -41. Calculate the greatest common divisor of o and b.
16
Let s be 2/(6/177) + 1. Let m be (-8)/28 - s/(-14). Suppose m*h + 38 = 254. Calculate the greatest common factor of h and 6.
6
Let j be 2/1*70/2. What is the highest common factor of j and 10?
10
Suppose 0 = -3*b + 3*q + 57, -5*b = -2*q + 4*q - 130. Let j = 171 + -99. Calculate the greatest common divisor of b and j.
24
Let s be (1 - -1)/((-8)/(-12)). Suppose -g = s*g - 64. Calculate the greatest common factor of 48 and g.
16
Let q(a) = -a - 1. Let c be q(-3). Suppose 0 = -s - c + 37. Calculate the highest common divisor of 5 and s.
5
Let v = 25 - 23. Suppose 0 = -u - 1 + 3. What is the greatest common factor of u and v?
2
Let v(a) = -3*a + 1. Let f be v(-8). Let r(q) = -25*q - f*q + 15*q. Let l be r(-1). What is the greatest common factor of l and 5?
5
Let z(n) = -n**2 + 4*n + 1. Let s be z(4). Let x = s + 2. What is the highest common factor of x and 27?
3
Let k(f) be the third derivative of -f**6/120 - 3*f**5/20 + f**4/4 - 4*f**3/3 - 5*f**2. Let o be k(-10). What is the highest common divisor of 16 and o?
16
Suppose -5*z - 29 - 16 = 0. Let u = 74 + z. What is the greatest common divisor of 13 and u?
13
Suppose 0 = -3*i + 9, 3*k - 31 = -4*i + 35. Suppose 0*d - d - 5 = 0, 0 = o - d - 1. Let h be 3 + (-3 + 5 - o). Calculate the greatest common divisor of k and h.
9
Suppose 3*l - 4*o - o = 137, -217 = -5*l - 3*o. Let r = 19 + -15. Calculate the greatest common factor of l and r.
4
Let r(f) = -f**3 - 5*f**2 + 5*f + 3. Let x be r(-6). Let k be (3 - x)*(-28)/6. Calculate the highest common factor of 70 and k.
14
Let t(x) = -x**3 - x + 33. Let m(h) = h + 4. Let u be m(-4). Suppose u = 3*v - 0*v. Let j be t(v). Calculate the highest common factor of 11 and j.
11
Suppose -o = -5*d + 30 + 9, o = -4*d + 24. Suppose -4*k = -d*k + 90. Let w be (-18)/(-2) + 3*-1. Calculate the greatest common divisor of w and k.
6
Suppose 3*p - 2 - 4 = 0. Suppose 0*z + 6 = -p*z. Let d be 21 + (1 + -1 - z). Calculate the highest common divisor of d and 60.
12
Let w(u) = -u**2 - 3 - 2*u - u + 0*u. Let z be w(-3). Let y be (-2 - z - 3) + 10. What is the highest common divisor of 88 and y?
8
Suppose g = 5*z - 43, -5*z + 0*g = g - 37. Suppose -2*q = 4*m - 30, 0*q = -q + 1. Suppose 2*o + 80 = m*o. Calculate the greatest common factor of z and o.
8
Suppose 1164 = 2*r + 2*r. Let x = r + -148. Let t = 23 - 10. What is the greatest common divisor of x and t?
13
Let m(o) = -6 + o**3 + 3 - 12*o + 0 - 12*o**2. Let g be m(13). Calculate the highest common factor of 90 and g.
10
Let h be (5/5)/((-2)/(-10)). What is the highest common factor of 35 and h?
5
Let n be (5 - 2) + (-10)/1. Let u(t) = -t**2 - 9*t - 10. Let g be u(n). Suppose 5*j - 25 = -z, 6*j - 2*j = z + 2. What is the highest common factor of g and z?
2
Suppose -24 = -g + v, 4*v + 13 = g - 5. What is the greatest common factor of 39 and g?
13
Let y(u) = 3*u**2 + 10*u + 7. Let t be y(-6). What is the greatest common factor of t and 11?
11
Let s(n) = 28*n. Let i be s(2). What is the highest common divisor of 7 and i?
7
Suppose -30 = -r - 2*r. Let p(d) = d**3 + 6*d**2 + 6*d + 3. Let o be p(-5). Let g be (7 - (o - 1)) + 0. Calculate the highest common factor of r and g.
10
Let i be (0 + -3)*(-152)/12. Calculate the highest common divisor of i and 57.
19
Suppose 2*z = 1 - 3. Suppose 0*u + 21 = 5*u - 4*b, 4 = -b. Let j be 9 + (1 - u) + z. Calculate the greatest common factor of j and 16.
8
Suppose 0 = h - 5*a - 57, -4*h + a = -0*a - 171. Calculate the greatest common factor of h and 28.
14
Suppose 86 - 20 = 2*r. What is the greatest common divisor of 3 and r?
3
Suppose -2*y + 8 = 2. Suppose -2*a + 26 = 4*n, -4*n + 7*n = -4*a + 52. Suppose 2*j = 5*w - 7, w - 5*j + a = -4. Calculate the greatest common factor of y and w.
3
Let f = -60 + 88. Let x(o) = -o**2 + 9*o - 1. Let i be x(8). What is the greatest common factor of i and f?
7
Let l(f) = f + 23. Let z be l(11). Calculate the highest common divisor of z and 170.
34
Suppose -2*q + 4*q - 30 = 0. Suppose 0 = p + 5*h - 0*h - 50, -2*h = -8. Calculate the highest common divisor of p and q.
15
Let r(v) = -2*v - 2. Let w be r(-2). Let b be ((-3)/2)/((-1)/w). Calculate the highest common factor of b and 3.
3
Suppose 5*i - 145 = -4*k, 5*k - 2*k + 4*i = 110. Suppose -2*l - k = -l. Let v = l + 42. Calculate the highest common divisor of 4 and v.
4
Let b = 121 - 96. Calculate the greatest common factor of b and 5.
5
Let l = -1 - -5. Suppose -l*c + 3*c + 11 = 0. Calculate the greatest common divisor of 55 and c.
11
Let x(p) be the second derivative of p**3/6 - 2*p**2 - p. Let s be x(6). Suppose -s*o + 0*o = -18. Calculate the highest common factor of o and 45.
9
Suppose m = -0*m + 4. Let s be ((-35)/14)/((-2)/4). Suppose 4*j - 132 = s*r, -4*j + 5*r = -2*j - 76. What is the greatest common factor of j and m?
4
Let f(m) = -31*m - 3. Suppose 4 = 5*i + 24. Let j be f(i). Calculate the greatest common divisor of 11 and j.
11
Let q(i) = i**3 + 5*i**2 - 7*i - 2. Let g be q(-6). Suppose -4*d - 3*y + 25 = 0, 0*y = 3*d - y - 9. What is the highest common factor of d and g?
4
Let v = 9 + -6. Suppose y - 2 + 5 = 0, -5*t = v*y - 61. Suppose 2*w + 3*f - 76 = -f, -4*f = w - 34. Calculate the greatest common divisor of t and w.
14
Let b(v) = 55*v**3 - 2*v + 1. Let p be b(1). Calculate the greatest common divisor of p and 6.
6
Let u = -40 - -63. Calculate the greatest common factor of u and 115.
23
Let r = 0 + 0. Suppose r*q + 3 = q. Suppose -q*a - 30 = -90. Calculate the highest common divisor of 8 and a.
4
Let k(n) = -4 - n**2 - n**2 + 3*n**2 + 2*n. Let w be k(-5). Let s = -84 + 205. Calculate the greatest common factor of w and s.
11
Suppose -12 = -8*z + 148. What is the greatest common factor of z and 4?
4
Let v be 15/1*(-2)/(-3). Let h be 6/(-15) + (-34)/(-10). Suppose -3*k = h*p + p - 135, -p + 50 = 4*k. What is the highest common divisor of p and v?
10
Let m = 185 - 108. Suppose -3*n